[INFO] cloning repository https://github.com/Limeth/ammolite
[INFO] running `Command { std: "git" "-c" "credential.helper=" "-c" "credential.helper=/workspace/cargo-home/bin/git-credential-null" "clone" "--bare" "https://github.com/Limeth/ammolite" "/workspace/cache/git-repos/https%3A%2F%2Fgithub.com%2FLimeth%2Fammolite", kill_on_drop: false }`
[INFO] [stderr] Cloning into bare repository '/workspace/cache/git-repos/https%3A%2F%2Fgithub.com%2FLimeth%2Fammolite'...
[INFO] running `Command { std: "git" "rev-parse" "HEAD", kill_on_drop: false }`
[INFO] [stdout] c2f469c966ad32bc280def1063e9fed943bb7007
[INFO] checking Limeth/ammolite against master#9610dfe5a9a731ced1ea4923ecbd0c57fe367898 for beta-170-4
[INFO] running `Command { std: "git" "clone" "/workspace/cache/git-repos/https%3A%2F%2Fgithub.com%2FLimeth%2Fammolite" "/workspace/builds/worker-2-tc1/source", kill_on_drop: false }`
[INFO] [stderr] Cloning into '/workspace/builds/worker-2-tc1/source'...
[INFO] [stderr] done.
[INFO] validating manifest of git repo https://github.com/Limeth/ammolite on toolchain 9610dfe5a9a731ced1ea4923ecbd0c57fe367898
[INFO] running `Command { std: CARGO_HOME="/workspace/cargo-home" RUSTUP_HOME="/workspace/rustup-home" "/workspace/cargo-home/bin/cargo" "+9610dfe5a9a731ced1ea4923ecbd0c57fe367898" "metadata" "--manifest-path" "Cargo.toml" "--no-deps", kill_on_drop: false }`
[INFO] started tweaking git repo https://github.com/Limeth/ammolite
[INFO] finished tweaking git repo https://github.com/Limeth/ammolite
[INFO] tweaked toml for git repo https://github.com/Limeth/ammolite written to /workspace/builds/worker-2-tc1/source/Cargo.toml
[INFO] crate git repo https://github.com/Limeth/ammolite already has a lockfile, it will not be regenerated
[INFO] running `Command { std: CARGO_HOME="/workspace/cargo-home" RUSTUP_HOME="/workspace/rustup-home" "/workspace/cargo-home/bin/cargo" "+9610dfe5a9a731ced1ea4923ecbd0c57fe367898" "fetch" "--manifest-path" "Cargo.toml", kill_on_drop: false }`
[INFO] [stderr]     Updating crates.io index
[INFO] [stderr]     Updating git repository `https://github.com/Limeth/vulkano`
[INFO] [stderr]     Updating git repository `https://github.com/rust-windowing/winit.git`
[INFO] [stderr]  Downloading crates ...
[INFO] [stderr]   Downloaded objc_exception v0.1.1
[INFO] [stderr]   Downloaded paste-impl v0.1.5
[INFO] [stderr]   Downloaded gltf-derive v0.14.0
[INFO] [stderr]   Downloaded crossbeam v0.7.1
[INFO] [stderr]   Downloaded serde_derive v1.0.87
[INFO] [stderr]   Downloaded serde v1.0.87
[INFO] [stderr]   Downloaded half v1.3.0
[INFO] [stderr]   Downloaded paste v0.1.5
[INFO] [stderr]   Downloaded shaderc v0.5.0
[INFO] [stderr]   Downloaded metal v0.13.1
[INFO] [stderr]   Downloaded itertools v0.8.1
[INFO] [stderr]   Downloaded gltf-json v0.14.0
[INFO] [stderr]   Downloaded gltf v0.14.0
[INFO] [stderr]   Downloaded det v0.1.0
[INFO] [stderr]   Downloaded rusttype v0.7.4
[INFO] [stderr]   Downloaded cmake v0.1.40
[INFO] [stderr]   Downloaded inflate v0.4.4
[INFO] [stderr]   Downloaded weak-table v0.2.3
[INFO] [stderr]   Downloaded proc-macro-hack v0.5.4
[INFO] [stderr]   Downloaded shaderc-sys v0.5.0
[INFO] [stderr]   Downloaded arr_macro_impl v0.1.1
[INFO] [stderr]   Downloaded openxr v0.9.4
[INFO] [stderr]   Downloaded tyenum v0.1.0
[INFO] [stderr]   Downloaded arr_macro v0.1.1
[INFO] [stderr]   Downloaded mikktspace v0.1.1
[INFO] [stderr]   Downloaded openxr-sys v0.6.7
[INFO] running `Command { std: "docker" "create" "-v" "/var/lib/crater-agent-workspace/builds/worker-2-tc1/target:/opt/rustwide/target:rw,Z" "-v" "/var/lib/crater-agent-workspace/builds/worker-2-tc1/source:/opt/rustwide/workdir:ro,Z" "-v" "/var/lib/crater-agent-workspace/cargo-home:/opt/rustwide/cargo-home:ro,Z" "-v" "/var/lib/crater-agent-workspace/rustup-home:/opt/rustwide/rustup-home:ro,Z" "-e" "SOURCE_DIR=/opt/rustwide/workdir" "-e" "CARGO_TARGET_DIR=/opt/rustwide/target" "-e" "CARGO_HOME=/opt/rustwide/cargo-home" "-e" "RUSTUP_HOME=/opt/rustwide/rustup-home" "-w" "/opt/rustwide/workdir" "-m" "1610612736" "--user" "0:0" "--network" "none" "ghcr.io/rust-lang/crates-build-env/linux@sha256:19e73879b68f455e41552ea35293514db52ea292d993f571636dbffedb77a1ee" "/opt/rustwide/cargo-home/bin/cargo" "+9610dfe5a9a731ced1ea4923ecbd0c57fe367898" "metadata" "--no-deps" "--format-version=1", kill_on_drop: false }`
[INFO] [stdout] c445c4fe260e5963e6052b221f0ef8a60fcb9d84a1a5a035a7126cd782239585
[INFO] running `Command { std: "docker" "start" "-a" "c445c4fe260e5963e6052b221f0ef8a60fcb9d84a1a5a035a7126cd782239585", kill_on_drop: false }`
[INFO] running `Command { std: "docker" "inspect" "c445c4fe260e5963e6052b221f0ef8a60fcb9d84a1a5a035a7126cd782239585", kill_on_drop: false }`
[INFO] running `Command { std: "docker" "rm" "-f" "c445c4fe260e5963e6052b221f0ef8a60fcb9d84a1a5a035a7126cd782239585", kill_on_drop: false }`
[INFO] [stdout] c445c4fe260e5963e6052b221f0ef8a60fcb9d84a1a5a035a7126cd782239585
[INFO] running `Command { std: "docker" "create" "-v" "/var/lib/crater-agent-workspace/builds/worker-2-tc1/target:/opt/rustwide/target:rw,Z" "-v" "/var/lib/crater-agent-workspace/builds/worker-2-tc1/source:/opt/rustwide/workdir:ro,Z" "-v" "/var/lib/crater-agent-workspace/cargo-home:/opt/rustwide/cargo-home:ro,Z" "-v" "/var/lib/crater-agent-workspace/rustup-home:/opt/rustwide/rustup-home:ro,Z" "-e" "SOURCE_DIR=/opt/rustwide/workdir" "-e" "CARGO_TARGET_DIR=/opt/rustwide/target" "-e" "CARGO_INCREMENTAL=0" "-e" "RUST_BACKTRACE=full" "-e" "RUSTFLAGS=--cap-lints=forbid" "-e" "RUSTDOCFLAGS=--cap-lints=forbid" "-e" "CARGO_HOME=/opt/rustwide/cargo-home" "-e" "RUSTUP_HOME=/opt/rustwide/rustup-home" "-w" "/opt/rustwide/workdir" "-m" "1610612736" "--user" "0:0" "--network" "none" "ghcr.io/rust-lang/crates-build-env/linux@sha256:19e73879b68f455e41552ea35293514db52ea292d993f571636dbffedb77a1ee" "/opt/rustwide/cargo-home/bin/cargo" "+9610dfe5a9a731ced1ea4923ecbd0c57fe367898" "check" "--frozen" "--all" "--all-targets" "--message-format=json", kill_on_drop: false }`
[INFO] [stdout] a46ba7819ece21da20637226c8d6ec1d346f0c17e2d04946d91966fb536fd8c7
[INFO] running `Command { std: "docker" "start" "-a" "a46ba7819ece21da20637226c8d6ec1d346f0c17e2d04946d91966fb536fd8c7", kill_on_drop: false }`
[INFO] [stderr]    Compiling proc-macro2 v0.4.27
[INFO] [stderr]    Compiling unicode-xid v0.1.0
[INFO] [stderr]    Compiling cc v1.0.37
[INFO] [stderr]    Compiling autocfg v0.1.6
[INFO] [stderr]     Checking lazy_static v1.2.0
[INFO] [stderr]    Compiling syn v0.15.31
[INFO] [stderr]    Compiling arrayvec v0.4.10
[INFO] [stderr]     Checking nodrop v0.1.13
[INFO] [stderr]    Compiling byteorder v1.3.1
[INFO] [stderr]     Checking bitflags v1.0.4
[INFO] [stderr]     Checking memoffset v0.2.1
[INFO] [stderr]     Checking scopeguard v0.3.3
[INFO] [stderr]    Compiling xml-rs v0.8.0
[INFO] [stderr]    Compiling num-integer v0.1.39
[INFO] [stderr]    Compiling nix v0.14.1
[INFO] [stderr]     Checking iovec v0.1.4
[INFO] [stderr]     Checking net2 v0.2.33
[INFO] [stderr]     Checking log v0.4.6
[INFO] [stderr]     Checking crossbeam-utils v0.2.2
[INFO] [stderr]     Checking slab v0.4.2
[INFO] [stderr]    Compiling rayon-core v1.4.1
[INFO] [stderr]     Checking void v1.0.2
[INFO] [stderr]     Checking crossbeam-utils v0.6.5
[INFO] [stderr]     Checking adler32 v1.0.3
[INFO] [stderr]    Compiling num-iter v0.1.37
[INFO] [stderr]    Compiling proc-macro2 v1.0.5
[INFO] [stderr]     Checking lazycell v1.2.1
[INFO] [stderr]     Checking num_cpus v1.9.0
[INFO] [stderr]    Compiling rayon v1.0.3
[INFO] [stderr]    Compiling serde v1.0.87
[INFO] [stderr]     Checking mio v0.6.21
[INFO] [stderr]    Compiling cmake v0.1.40
[INFO] [stderr]    Compiling num-traits v0.2.8
[INFO] [stderr]     Checking either v1.5.0
[INFO] [stderr]    Compiling unicode-xid v0.2.0
[INFO] [stderr]     Checking inflate v0.4.4
[INFO] [stderr]    Compiling pkg-config v0.3.14
[INFO] [stderr]     Checking downcast-rs v1.0.3
[INFO] [stderr]    Compiling maybe-uninit v2.0.0
[INFO] [stderr]     Checking same-file v1.0.4
[INFO] [stderr]    Compiling syn v1.0.5
[INFO] [stderr]    Compiling ryu v0.2.7
[INFO] [stderr]    Compiling typenum v1.11.2
[INFO] [stderr]     Checking walkdir v2.2.7
[INFO] [stderr]    Compiling num-rational v0.2.2
[INFO] [stderr]     Checking stb_truetype v0.2.6
[INFO] [stderr]    Compiling libloading v0.5.0
[INFO] [stderr]     Checking deflate v0.7.19
[INFO] [stderr]     Checking mio-extras v2.0.6
[INFO] [stderr]     Checking crossbeam-epoch v0.3.1
[INFO] [stderr]    Compiling x11-dl v2.18.5
[INFO] [stderr]    Compiling quote v0.6.12
[INFO] [stderr]    Compiling quote v1.0.2
[INFO] [stderr]     Checking crossbeam-epoch v0.7.1
[INFO] [stderr]    Compiling shaderc-sys v0.5.0
[INFO] [stderr]    Compiling backtrace-sys v0.1.28
[INFO] [stderr]     Checking smallvec v0.6.10
[INFO] [stderr]    Compiling wayland-scanner v0.23.6
[INFO] [stderr]     Checking crossbeam-deque v0.2.0
[INFO] [stderr]     Checking smallvec v1.2.0
[INFO] [stderr]     Checking lzw v0.10.0
[INFO] [stderr]     Checking xdg v2.2.0
[INFO] [stderr]     Checking lock_api v0.3.3
[INFO] [stderr]     Checking crossbeam-channel v0.3.8
[INFO] [stderr]     Checking crossbeam-deque v0.7.1
[INFO] [stderr]     Checking dlib v0.4.1
[INFO] [stderr]     Checking parking_lot_core v0.7.0
[INFO] [stderr]     Checking wayland-sys v0.23.6
[INFO] [stderr]    Compiling openxr-sys v0.6.7
[INFO] [stderr]    Compiling backtrace v0.3.13
[INFO] [stderr]     Checking crossbeam-queue v0.1.2
[INFO] [stderr]     Checking approx v0.3.1
[INFO] [stderr]     Checking ordered-float v1.0.1
[INFO] [stderr]     Checking line_drawing v0.7.0
[INFO] [stderr]     Checking shared_library v0.1.9
[INFO] [stderr]     Checking memmap v0.7.0
[INFO] [stderr]    Compiling libc v0.2.66
[INFO] [stderr]    Compiling inflections v1.1.1
[INFO] [stderr]    Compiling vulkano v0.11.1 (https://github.com/Limeth/vulkano?branch=feature-swapchain-image-trait#77465570)
[INFO] [stderr]     Checking itoa v0.4.3
[INFO] [stderr]     Checking rusttype v0.7.4
[INFO] [stderr]    Compiling num-derive v0.2.4
[INFO] [stderr]    Compiling failure_derive v0.1.5
[INFO] [stderr]     Checking andrew v0.2.1
[INFO] [stderr]     Checking png v0.14.1
[INFO] [stderr]     Checking crossbeam v0.7.1
[INFO] [stderr] The following warnings were emitted during compilation:
[INFO] [stderr] 
[INFO] [stderr] warning: Checking for system installed libraries.  Use --features = build-from-source to disable this behavior
[INFO] [stderr] warning: Pre-built library not found.  Falling back to from-source build
[INFO] [stderr] 
[INFO] [stderr] error: failed to run custom build command for `shaderc-sys v0.5.0`
[INFO] [stderr] note: To improve backtraces for build dependencies, set the CARGO_PROFILE_DEV_BUILD_OVERRIDE_DEBUG=true environment variable to enable debug information generation.
[INFO] [stderr] 
[INFO] [stderr] Caused by:
[INFO] [stderr]   process didn't exit successfully: `/opt/rustwide/target/debug/build/shaderc-sys-a9bc1ddf92198e75/build-script-build` (exit status: 101)
[INFO] [stderr]   --- stdout
[INFO] [stderr]   cargo:warning=Checking for system installed libraries.  Use --features = build-from-source to disable this behavior
[INFO] [stderr]   cargo:warning=Pre-built library not found.  Falling back to from-source build
[INFO] [stderr] 
[INFO] [stderr]   --- stderr
[INFO] [stderr]   thread 'main' panicked at '
[INFO] [stderr] 
[INFO] [stderr]   couldn't find required command: "python"
[INFO] [stderr] 
[INFO] [stderr]   ', /opt/rustwide/cargo-home/registry/src/index.crates.io-6f17d22bba15001f/shaderc-sys-0.5.0/build/cmd_finder.rs:45:13
[INFO] [stderr]   stack backtrace:
[INFO] [stderr]      0:     0x5624d3122b61 - std::backtrace_rs::backtrace::libunwind::trace::h036e87df56fc4b9d
[INFO] [stderr]                                  at /rustc/9610dfe5a9a731ced1ea4923ecbd0c57fe367898/library/std/src/../../backtrace/src/backtrace/libunwind.rs:93:5
[INFO] [stderr]      1:     0x5624d3122b61 - std::backtrace_rs::backtrace::trace_unsynchronized::hd61eb2dbd6ae476a
[INFO] [stderr]                                  at /rustc/9610dfe5a9a731ced1ea4923ecbd0c57fe367898/library/std/src/../../backtrace/src/backtrace/mod.rs:66:5
[INFO] [stderr]      2:     0x5624d3122b61 - std::sys_common::backtrace::_print_fmt::h00c50d0875db23c9
[INFO] [stderr]                                  at /rustc/9610dfe5a9a731ced1ea4923ecbd0c57fe367898/library/std/src/sys_common/backtrace.rs:65:5
[INFO] [stderr]      3:     0x5624d3122b61 - <std::sys_common::backtrace::_print::DisplayBacktrace as core::fmt::Display>::fmt::h63195ab2dde77ccc
[INFO] [stderr]                                  at /rustc/9610dfe5a9a731ced1ea4923ecbd0c57fe367898/library/std/src/sys_common/backtrace.rs:44:22
[INFO] [stderr]      4:     0x5624d31446cf - core::fmt::rt::Argument::fmt::h83f4110348c688f4
[INFO] [stderr]                                  at /rustc/9610dfe5a9a731ced1ea4923ecbd0c57fe367898/library/core/src/fmt/rt.rs:138:9
[INFO] [stderr]      5:     0x5624d31446cf - core::fmt::write::h509367dd365f983a
[INFO] [stderr]                                  at /rustc/9610dfe5a9a731ced1ea4923ecbd0c57fe367898/library/core/src/fmt/mod.rs:1094:21
[INFO] [stderr]      6:     0x5624d311fc21 - std::io::Write::write_fmt::h8e60bfebdaabfee5
[INFO] [stderr]                                  at /rustc/9610dfe5a9a731ced1ea4923ecbd0c57fe367898/library/std/src/io/mod.rs:1713:15
[INFO] [stderr]      7:     0x5624d3122975 - std::sys_common::backtrace::_print::h96e550016098cde6
[INFO] [stderr]                                  at /rustc/9610dfe5a9a731ced1ea4923ecbd0c57fe367898/library/std/src/sys_common/backtrace.rs:47:5
[INFO] [stderr]      8:     0x5624d3122975 - std::sys_common::backtrace::print::h7a049611b153a02e
[INFO] [stderr]                                  at /rustc/9610dfe5a9a731ced1ea4923ecbd0c57fe367898/library/std/src/sys_common/backtrace.rs:34:9
[INFO] [stderr]      9:     0x5624d3123f27 - std::panicking::default_hook::{{closure}}::h1b023d46676794c4
[INFO] [stderr]     10:     0x5624d3123d14 - std::panicking::default_hook::hea2961dabcf68e83
[INFO] [stderr]                                  at /rustc/9610dfe5a9a731ced1ea4923ecbd0c57fe367898/library/std/src/panicking.rs:288:9
[INFO] [stderr]     11:     0x5624d31243dc - std::panicking::rust_panic_with_hook::h4285c91a8168b001
[INFO] [stderr]                                  at /rustc/9610dfe5a9a731ced1ea4923ecbd0c57fe367898/library/std/src/panicking.rs:705:13
[INFO] [stderr]     12:     0x5624d31242d7 - std::panicking::begin_panic_handler::{{closure}}::h6ebd0d46f0c6b010
[INFO] [stderr]                                  at /rustc/9610dfe5a9a731ced1ea4923ecbd0c57fe367898/library/std/src/panicking.rs:597:13
[INFO] [stderr]     13:     0x5624d3122f96 - std::sys_common::backtrace::__rust_end_short_backtrace::h92042d128576b63a
[INFO] [stderr]                                  at /rustc/9610dfe5a9a731ced1ea4923ecbd0c57fe367898/library/std/src/sys_common/backtrace.rs:151:18
[INFO] [stderr]     14:     0x5624d3124022 - rust_begin_unwind
[INFO] [stderr]                                  at /rustc/9610dfe5a9a731ced1ea4923ecbd0c57fe367898/library/std/src/panicking.rs:593:5
[INFO] [stderr]     15:     0x5624d30bd623 - core::panicking::panic_fmt::h65404fc8061ee73a
[INFO] [stderr]                                  at /rustc/9610dfe5a9a731ced1ea4923ecbd0c57fe367898/library/core/src/panicking.rs:67:14
[INFO] [stderr]     16:     0x5624d30c4016 - build_script_build::cmd_finder::CommandFinder::must_have::{{closure}}::h2f74df8a4112af5a
[INFO] [stderr]     17:     0x5624d30c1999 - core::option::Option<T>::unwrap_or_else::h486c44ebf67ab67d
[INFO] [stderr]     18:     0x5624d30c3f83 - build_script_build::cmd_finder::CommandFinder::must_have::h9924362c9e559bd2
[INFO] [stderr]     19:     0x5624d30c0c9b - build_script_build::main::h32d4eb574c7fe331
[INFO] [stderr]     20:     0x5624d30c1b83 - core::ops::function::FnOnce::call_once::h6ecc04ea5b053ecc
[INFO] [stderr]     21:     0x5624d30c2406 - std::sys_common::backtrace::__rust_begin_short_backtrace::h88fab72c7c01f87b
[INFO] [stderr]     22:     0x5624d30c2319 - std::rt::lang_start::{{closure}}::h163c57463c777e0c
[INFO] [stderr]     23:     0x5624d311bda5 - core::ops::function::impls::<impl core::ops::function::FnOnce<A> for &F>::call_once::h49ef85a8a8d45198
[INFO] [stderr]                                  at /rustc/9610dfe5a9a731ced1ea4923ecbd0c57fe367898/library/core/src/ops/function.rs:284:13
[INFO] [stderr]     24:     0x5624d311bda5 - std::panicking::try::do_call::ha1def14af693a135
[INFO] [stderr]                                  at /rustc/9610dfe5a9a731ced1ea4923ecbd0c57fe367898/library/std/src/panicking.rs:500:40
[INFO] [stderr]     25:     0x5624d311bda5 - std::panicking::try::haa3dc2a1139932e2
[INFO] [stderr]                                  at /rustc/9610dfe5a9a731ced1ea4923ecbd0c57fe367898/library/std/src/panicking.rs:464:19
[INFO] [stderr]     26:     0x5624d311bda5 - std::panic::catch_unwind::h9d9cbebaf9f15c67
[INFO] [stderr]                                  at /rustc/9610dfe5a9a731ced1ea4923ecbd0c57fe367898/library/std/src/panic.rs:142:14
[INFO] [stderr]     27:     0x5624d311bda5 - std::rt::lang_start_internal::{{closure}}::hf660a772669a69cc
[INFO] [stderr]                                  at /rustc/9610dfe5a9a731ced1ea4923ecbd0c57fe367898/library/std/src/rt.rs:148:48
[INFO] [stderr]     28:     0x5624d311bda5 - std::panicking::try::do_call::hb1c34715bb9b1c46
[INFO] [stderr]                                  at /rustc/9610dfe5a9a731ced1ea4923ecbd0c57fe367898/library/std/src/panicking.rs:500:40
[INFO] [stderr]     29:     0x5624d311bda5 - std::panicking::try::h499866fd990da8f1
[INFO] [stderr]                                  at /rustc/9610dfe5a9a731ced1ea4923ecbd0c57fe367898/library/std/src/panicking.rs:464:19
[INFO] [stderr]     30:     0x5624d311bda5 - std::panic::catch_unwind::hac1ffec55b72e7bc
[INFO] [stderr]                                  at /rustc/9610dfe5a9a731ced1ea4923ecbd0c57fe367898/library/std/src/panic.rs:142:14
[INFO] [stderr]     31:     0x5624d311bda5 - std::rt::lang_start_internal::h0fecf91cd579e7b6
[INFO] [stderr]                                  at /rustc/9610dfe5a9a731ced1ea4923ecbd0c57fe367898/library/std/src/rt.rs:148:20
[INFO] [stderr]     32:     0x5624d30c22f7 - std::rt::lang_start::hc52516cad9c4f544
[INFO] [stderr]     33:     0x5624d30c1635 - main
[INFO] [stderr]     34:     0x7fa0da813d90 - <unknown>
[INFO] [stderr]     35:     0x7fa0da813e40 - __libc_start_main
[INFO] [stderr]     36:     0x5624d30bdc85 - _start
[INFO] [stderr]     37:                0x0 - <unknown>
[INFO] [stderr] warning: build failed, waiting for other jobs to finish...
[INFO] [stderr] error: could not compile `syn` (lib)
[INFO] [stderr] 
[INFO] [stderr] Caused by:
[INFO] [stderr]   process didn't exit successfully: `/opt/rustwide/rustup-home/toolchains/9610dfe5a9a731ced1ea4923ecbd0c57fe367898/bin/rustc --crate-name syn /opt/rustwide/cargo-home/registry/src/index.crates.io-6f17d22bba15001f/syn-0.15.31/src/lib.rs --error-format=json --json=diagnostic-rendered-ansi,artifacts,future-incompat --crate-type lib --emit=dep-info,metadata,link -C embed-bitcode=no -C debuginfo=0 --cfg 'feature="clone-impls"' --cfg 'feature="default"' --cfg 'feature="derive"' --cfg 'feature="extra-traits"' --cfg 'feature="full"' --cfg 'feature="parsing"' --cfg 'feature="printing"' --cfg 'feature="proc-macro"' --cfg 'feature="quote"' --cfg 'feature="visit"' -C metadata=8305390663379219 -C extra-filename=-8305390663379219 --out-dir /opt/rustwide/target/debug/deps -L dependency=/opt/rustwide/target/debug/deps --extern proc_macro2=/opt/rustwide/target/debug/deps/libproc_macro2-333d00379e1d53ef.rmeta --extern quote=/opt/rustwide/target/debug/deps/libquote-cd5a85cd1ad2f577.rmeta --extern unicode_xid=/opt/rustwide/target/debug/deps/libunicode_xid-03728fbf6b27ae7a.rmeta --cap-lints allow --cap-lints=forbid --cfg syn_can_use_thread_id --cfg syn_can_call_macro_by_path` (signal: 9, SIGKILL: kill)
[INFO] [stderr] error: failed to run custom build command for `openxr-sys v0.6.7`
[INFO] [stderr] note: To improve backtraces for build dependencies, set the CARGO_PROFILE_DEV_BUILD_OVERRIDE_DEBUG=true environment variable to enable debug information generation.
[INFO] [stderr] 
[INFO] [stderr] Caused by:
[INFO] [stderr]   process didn't exit successfully: `/opt/rustwide/target/debug/build/openxr-sys-cbee75be6c8e11d5/build-script-build` (exit status: 101)
[INFO] [stderr]   --- stdout
[INFO] [stderr]   running: cd "/opt/rustwide/target/debug/build/openxr-sys-18b0770f7f4d6c20/out/build" && CMAKE_PREFIX_PATH="" "cmake" "/opt/rustwide/cargo-home/registry/src/index.crates.io-6f17d22bba15001f/openxr-sys-0.6.7/OpenXR-SDK" "-DBUILD_API_LAYERS=OFF" "-DBUILD_TESTS=OFF" "-DOpenGL_GL_PREFERENCE=GLVND" "-DDYNAMIC_LOADER=OFF" "-DCMAKE_INSTALL_LIBDIR=lib" "-DCMAKE_INSTALL_PREFIX=/opt/rustwide/target/debug/build/openxr-sys-18b0770f7f4d6c20/out" "-DCMAKE_C_FLAGS= -ffunction-sections -fdata-sections -fPIC -m64" "-DCMAKE_C_COMPILER=/usr/bin/cc" "-DCMAKE_CXX_FLAGS= -ffunction-sections -fdata-sections -fPIC -m64" "-DCMAKE_CXX_COMPILER=/usr/bin/c++" "-DCMAKE_BUILD_TYPE=Debug"
[INFO] [stderr]   -- The C compiler identification is GNU 11.3.0
[INFO] [stderr]   -- The CXX compiler identification is GNU 11.3.0
[INFO] [stderr]   -- Detecting C compiler ABI info
[INFO] [stderr]   -- Detecting C compiler ABI info - done
[INFO] [stderr]   -- Check for working C compiler: /usr/bin/cc - skipped
[INFO] [stderr]   -- Detecting C compile features
[INFO] [stderr]   -- Detecting C compile features - done
[INFO] [stderr]   -- Detecting CXX compiler ABI info
[INFO] [stderr]   -- Detecting CXX compiler ABI info - done
[INFO] [stderr]   -- Check for working CXX compiler: /usr/bin/c++ - skipped
[INFO] [stderr]   -- Detecting CXX compile features
[INFO] [stderr]   -- Detecting CXX compile features - done
[INFO] [stderr]   -- Found PythonInterp: /usr/bin/python3 (found suitable version "3.10.6", minimum required is "3") 
[INFO] [stderr]   -- Using presentation backend: xlib
[INFO] [stderr]   -- Found X11: /usr/include   
[INFO] [stderr]   -- Looking for XOpenDisplay in /usr/lib/x86_64-linux-gnu/libX11.so;/usr/lib/x86_64-linux-gnu/libXext.so
[INFO] [stderr]   -- Looking for XOpenDisplay in /usr/lib/x86_64-linux-gnu/libX11.so;/usr/lib/x86_64-linux-gnu/libXext.so - found
[INFO] [stderr]   -- Looking for gethostbyname
[INFO] [stderr]   -- Looking for gethostbyname - found
[INFO] [stderr]   -- Looking for connect
[INFO] [stderr]   -- Looking for connect - found
[INFO] [stderr]   -- Looking for remove
[INFO] [stderr]   -- Looking for remove - found
[INFO] [stderr]   -- Looking for shmat
[INFO] [stderr]   -- Looking for shmat - found
[INFO] [stderr]   -- Looking for IceConnectionNumber in ICE
[INFO] [stderr]   -- Looking for IceConnectionNumber in ICE - found
[INFO] [stderr]   -- Found VulkanHeaders: /usr/include  
[INFO] [stderr]   -- Found VulkanRegistry: /usr/share/vulkan/registry  
[INFO] [stderr]   -- Found Vulkan: /usr/lib/x86_64-linux-gnu/libvulkan.so  
[INFO] [stderr]   -- Found OpenGL: /usr/lib/x86_64-linux-gnu/libOpenGL.so   
[INFO] [stderr]   -- Looking for secure_getenv
[INFO] [stderr]   -- Looking for secure_getenv - found
[INFO] [stderr]   -- Looking for __secure_getenv
[INFO] [stderr]   -- Looking for __secure_getenv - not found
[INFO] [stderr]   -- Found and will use pre-generated xr_generated_dispatch_table.h in source tree
[INFO] [stderr]   -- Found and will use pre-generated xr_generated_dispatch_table.c in source tree
[INFO] [stderr]   -- Found and will use pre-generated xr_generated_loader.hpp in source tree
[INFO] [stderr]   -- Found and will use pre-generated xr_generated_loader.cpp in source tree
[INFO] [stderr]   -- Configuring done
[INFO] [stderr]   -- Generating done
[INFO] [stderr]   -- Build files have been written to: /opt/rustwide/target/debug/build/openxr-sys-18b0770f7f4d6c20/out/build
[INFO] [stderr]   running: cd "/opt/rustwide/target/debug/build/openxr-sys-18b0770f7f4d6c20/out/build" && MAKEFLAGS="-j --jobserver-fds=7,8 --jobserver-auth=7,8" "cmake" "--build" "." "--target" "install" "--config" "Debug" "--"
[INFO] [stderr]   [  0%] Built target generate_openxr_header
[INFO] [stderr]   [  0%] Built target xr_global_generated_files
[INFO] [stderr]   [  0%] Built target libopenxr_loader.so.1.0
[INFO] [stderr]   [  6%] Building CXX object src/loader/CMakeFiles/openxr_loader.dir/api_layer_interface.cpp.o
[INFO] [stderr]   [ 12%] Building CXX object src/loader/CMakeFiles/openxr_loader.dir/loader_core.cpp.o
[INFO] [stderr]   [ 18%] Building CXX object src/loader/CMakeFiles/openxr_loader.dir/loader_instance.cpp.o
[INFO] [stderr]   [ 25%] Building CXX object src/loader/CMakeFiles/openxr_loader.dir/loader_logger.cpp.o
[INFO] [stderr]   [ 31%] Building CXX object src/loader/CMakeFiles/openxr_loader.dir/loader_logger_recorders.cpp.o
[INFO] [stderr]   [ 37%] Building CXX object src/loader/CMakeFiles/openxr_loader.dir/runtime_interface.cpp.o
[INFO] [stderr]   [ 43%] Building CXX object src/loader/CMakeFiles/openxr_loader.dir/manifest_file.cpp.o
[INFO] [stderr]   [ 50%] Building C object src/loader/CMakeFiles/openxr_loader.dir/__/xr_generated_dispatch_table.c.o
[INFO] [stderr]   [ 62%] Building CXX object src/loader/CMakeFiles/openxr_loader.dir/__/common/hex_and_handles.cpp.o
[INFO] [stderr]   [ 68%] Building CXX object src/loader/CMakeFiles/openxr_loader.dir/xr_generated_loader.cpp.o
[INFO] [stderr]   [ 75%] Building CXX object src/loader/CMakeFiles/openxr_loader.dir/__/external/jsoncpp/src/lib_json/json_writer.cpp.o
[INFO] [stderr]   [ 87%] Building CXX object src/loader/CMakeFiles/openxr_loader.dir/__/common/object_info.cpp.o
[INFO] [stderr]   [ 87%] Building CXX object src/loader/CMakeFiles/openxr_loader.dir/__/external/jsoncpp/src/lib_json/json_reader.cpp.o
[INFO] [stderr]   [ 56%] Building CXX object src/loader/CMakeFiles/openxr_loader.dir/__/common/filesystem_utils.cpp.o
[INFO] [stderr]   [ 93%] Building CXX object src/loader/CMakeFiles/openxr_loader.dir/__/external/jsoncpp/src/lib_json/json_value.cpp.o
[INFO] [stderr] 
[INFO] [stderr]   --- stderr
[INFO] [stderr]   CMake Warning (dev) at /usr/share/cmake-3.22/Modules/FindPackageHandleStandardArgs.cmake:438 (message):
[INFO] [stderr]     The package name passed to `find_package_handle_standard_args`
[INFO] [stderr]     (VulkanRegistry) does not match the name of the calling package
[INFO] [stderr]     (VulkanHeaders).  This can lead to problems in calling code that expects
[INFO] [stderr]     `find_package` result variables (e.g., `_FOUND`) to follow a certain
[INFO] [stderr]     pattern.
[INFO] [stderr]   Call Stack (most recent call first):
[INFO] [stderr]     src/cmake/FindVulkanHeaders.cmake:82 (find_package_handle_standard_args)
[INFO] [stderr]     src/CMakeLists.txt:76 (find_package)
[INFO] [stderr]   This warning is for project developers.  Use -Wno-dev to suppress it.
[INFO] [stderr] 
[INFO] [stderr]   c++: fatal error: Killed signal terminated program cc1plus
[INFO] [stderr]   compilation terminated.
[INFO] [stderr]   gmake[2]: *** [src/loader/CMakeFiles/openxr_loader.dir/build.make:188: src/loader/CMakeFiles/openxr_loader.dir/xr_generated_loader.cpp.o] Error 1
[INFO] [stderr]   gmake[2]: *** Waiting for unfinished jobs....
[INFO] [stderr]   gmake[1]: *** [CMakeFiles/Makefile2:229: src/loader/CMakeFiles/openxr_loader.dir/all] Error 2
[INFO] [stderr]   gmake: *** [Makefile:136: all] Error 2
[INFO] [stderr]   thread 'main' panicked at '
[INFO] [stderr]   command did not execute successfully, got: exit status: 2
[INFO] [stderr] 
[INFO] [stderr]   build script failed, must exit now', /opt/rustwide/cargo-home/registry/src/index.crates.io-6f17d22bba15001f/cmake-0.1.40/src/lib.rs:832:5
[INFO] [stderr]   stack backtrace:
[INFO] [stderr]      0:     0x55b71e25b8d1 - std::backtrace_rs::backtrace::libunwind::trace::h036e87df56fc4b9d
[INFO] [stderr]                                  at /rustc/9610dfe5a9a731ced1ea4923ecbd0c57fe367898/library/std/src/../../backtrace/src/backtrace/libunwind.rs:93:5
[INFO] [stderr]      1:     0x55b71e25b8d1 - std::backtrace_rs::backtrace::trace_unsynchronized::hd61eb2dbd6ae476a
[INFO] [stderr]                                  at /rustc/9610dfe5a9a731ced1ea4923ecbd0c57fe367898/library/std/src/../../backtrace/src/backtrace/mod.rs:66:5
[INFO] [stderr]      2:     0x55b71e25b8d1 - std::sys_common::backtrace::_print_fmt::h00c50d0875db23c9
[INFO] [stderr]                                  at /rustc/9610dfe5a9a731ced1ea4923ecbd0c57fe367898/library/std/src/sys_common/backtrace.rs:65:5
[INFO] [stderr]      3:     0x55b71e25b8d1 - <std::sys_common::backtrace::_print::DisplayBacktrace as core::fmt::Display>::fmt::h63195ab2dde77ccc
[INFO] [stderr]                                  at /rustc/9610dfe5a9a731ced1ea4923ecbd0c57fe367898/library/std/src/sys_common/backtrace.rs:44:22
[INFO] [stderr]      4:     0x55b71e27d3ef - core::fmt::rt::Argument::fmt::h83f4110348c688f4
[INFO] [stderr]                                  at /rustc/9610dfe5a9a731ced1ea4923ecbd0c57fe367898/library/core/src/fmt/rt.rs:138:9
[INFO] [stderr]      5:     0x55b71e27d3ef - core::fmt::write::h509367dd365f983a
[INFO] [stderr]                                  at /rustc/9610dfe5a9a731ced1ea4923ecbd0c57fe367898/library/core/src/fmt/mod.rs:1094:21
[INFO] [stderr]      6:     0x55b71e258d11 - std::io::Write::write_fmt::h8e60bfebdaabfee5
[INFO] [stderr]                                  at /rustc/9610dfe5a9a731ced1ea4923ecbd0c57fe367898/library/std/src/io/mod.rs:1713:15
[INFO] [stderr]      7:     0x55b71e25b6e5 - std::sys_common::backtrace::_print::h96e550016098cde6
[INFO] [stderr]                                  at /rustc/9610dfe5a9a731ced1ea4923ecbd0c57fe367898/library/std/src/sys_common/backtrace.rs:47:5
[INFO] [stderr]      8:     0x55b71e25b6e5 - std::sys_common::backtrace::print::h7a049611b153a02e
[INFO] [stderr]                                  at /rustc/9610dfe5a9a731ced1ea4923ecbd0c57fe367898/library/std/src/sys_common/backtrace.rs:34:9
[INFO] [stderr]      9:     0x55b71e25cc97 - std::panicking::default_hook::{{closure}}::h1b023d46676794c4
[INFO] [stderr]     10:     0x55b71e25ca84 - std::panicking::default_hook::hea2961dabcf68e83
[INFO] [stderr]                                  at /rustc/9610dfe5a9a731ced1ea4923ecbd0c57fe367898/library/std/src/panicking.rs:288:9
[INFO] [stderr]     11:     0x55b71e25d14c - std::panicking::rust_panic_with_hook::h4285c91a8168b001
[INFO] [stderr]                                  at /rustc/9610dfe5a9a731ced1ea4923ecbd0c57fe367898/library/std/src/panicking.rs:705:13
[INFO] [stderr]     12:     0x55b71e25d047 - std::panicking::begin_panic_handler::{{closure}}::h6ebd0d46f0c6b010
[INFO] [stderr]                                  at /rustc/9610dfe5a9a731ced1ea4923ecbd0c57fe367898/library/std/src/panicking.rs:597:13
[INFO] [stderr]     13:     0x55b71e25bd06 - std::sys_common::backtrace::__rust_end_short_backtrace::h92042d128576b63a
[INFO] [stderr]                                  at /rustc/9610dfe5a9a731ced1ea4923ecbd0c57fe367898/library/std/src/sys_common/backtrace.rs:151:18
[INFO] [stderr]     14:     0x55b71e25cd92 - rust_begin_unwind
[INFO] [stderr]                                  at /rustc/9610dfe5a9a731ced1ea4923ecbd0c57fe367898/library/std/src/panicking.rs:593:5
[INFO] [stderr]     15:     0x55b71e1fc623 - core::panicking::panic_fmt::h65404fc8061ee73a
[INFO] [stderr]                                  at /rustc/9610dfe5a9a731ced1ea4923ecbd0c57fe367898/library/core/src/panicking.rs:67:14
[INFO] [stderr]     16:     0x55b71e204f01 - cmake::fail::h951546138f198aef
[INFO] [stderr]     17:     0x55b71e204605 - cmake::run::h13f1316d48232936
[INFO] [stderr]     18:     0x55b71e2019a5 - cmake::Config::build::hb32611e378c7bccc
[INFO] [stderr]     19:     0x55b71e1fce9a - build_script_build::main::had7595e644a4c40a
[INFO] [stderr]     20:     0x55b71e1fdcd3 - core::ops::function::FnOnce::call_once::h669afc536de340ce
[INFO] [stderr]     21:     0x55b71e1fd276 - std::sys_common::backtrace::__rust_begin_short_backtrace::h2fba05f9d7d04ec9
[INFO] [stderr]     22:     0x55b71e1fd599 - std::rt::lang_start::{{closure}}::h72b1e55f198eb7bb
[INFO] [stderr]     23:     0x55b71e254e95 - core::ops::function::impls::<impl core::ops::function::FnOnce<A> for &F>::call_once::h49ef85a8a8d45198
[INFO] [stderr]                                  at /rustc/9610dfe5a9a731ced1ea4923ecbd0c57fe367898/library/core/src/ops/function.rs:284:13
[INFO] [stderr]     24:     0x55b71e254e95 - std::panicking::try::do_call::ha1def14af693a135
[INFO] [stderr]                                  at /rustc/9610dfe5a9a731ced1ea4923ecbd0c57fe367898/library/std/src/panicking.rs:500:40
[INFO] [stderr]     25:     0x55b71e254e95 - std::panicking::try::haa3dc2a1139932e2
[INFO] [stderr]                                  at /rustc/9610dfe5a9a731ced1ea4923ecbd0c57fe367898/library/std/src/panicking.rs:464:19
[INFO] [stderr]     26:     0x55b71e254e95 - std::panic::catch_unwind::h9d9cbebaf9f15c67
[INFO] [stderr]                                  at /rustc/9610dfe5a9a731ced1ea4923ecbd0c57fe367898/library/std/src/panic.rs:142:14
[INFO] [stderr]     27:     0x55b71e254e95 - std::rt::lang_start_internal::{{closure}}::hf660a772669a69cc
[INFO] [stderr]                                  at /rustc/9610dfe5a9a731ced1ea4923ecbd0c57fe367898/library/std/src/rt.rs:148:48
[INFO] [stderr]     28:     0x55b71e254e95 - std::panicking::try::do_call::hb1c34715bb9b1c46
[INFO] [stderr]                                  at /rustc/9610dfe5a9a731ced1ea4923ecbd0c57fe367898/library/std/src/panicking.rs:500:40
[INFO] [stderr]     29:     0x55b71e254e95 - std::panicking::try::h499866fd990da8f1
[INFO] [stderr]                                  at /rustc/9610dfe5a9a731ced1ea4923ecbd0c57fe367898/library/std/src/panicking.rs:464:19
[INFO] [stderr]     30:     0x55b71e254e95 - std::panic::catch_unwind::hac1ffec55b72e7bc
[INFO] [stderr]                                  at /rustc/9610dfe5a9a731ced1ea4923ecbd0c57fe367898/library/std/src/panic.rs:142:14
[INFO] [stderr]     31:     0x55b71e254e95 - std::rt::lang_start_internal::h0fecf91cd579e7b6
[INFO] [stderr]                                  at /rustc/9610dfe5a9a731ced1ea4923ecbd0c57fe367898/library/std/src/rt.rs:148:20
[INFO] [stderr]     32:     0x55b71e1fd577 - std::rt::lang_start::h1232aac472d3b7f5
[INFO] [stderr]     33:     0x55b71e1fd265 - main
[INFO] [stderr]     34:     0x7fbee1237d90 - <unknown>
[INFO] [stderr]     35:     0x7fbee1237e40 - __libc_start_main
[INFO] [stderr]     36:     0x55b71e1fcc85 - _start
[INFO] [stderr]     37:                0x0 - <unknown>
[INFO] running `Command { std: "docker" "inspect" "a46ba7819ece21da20637226c8d6ec1d346f0c17e2d04946d91966fb536fd8c7", kill_on_drop: false }`
[INFO] running `Command { std: "docker" "rm" "-f" "a46ba7819ece21da20637226c8d6ec1d346f0c17e2d04946d91966fb536fd8c7", kill_on_drop: false }`
[INFO] [stdout] a46ba7819ece21da20637226c8d6ec1d346f0c17e2d04946d91966fb536fd8c7
